 are the prime factors of 51121?
7, 67, 109
What are the prime factors of 347?
347
What are the prime factors of 2281?
2281
What are the prime factors of 41?
41
What are the prime factors of 74666?
2, 37, 1009
List the prime factors of 3782.
2, 31, 61
List the prime factors of 938.
2, 7, 67
What are the prime factors of 1863?
3, 23
List the prime factors of 9484.
2, 2371
What are the prime factors of 436?
2, 109
List the prime factors of 880.
2, 5, 11
What are the prime factors of 170232?
2, 3, 41, 173
List the prime factors of 63290.
2, 5, 6329
What are the prime factors of 1031?
1031
List the prime factors of 752.
2, 47
List the prime factors of 162.
2, 3
What are the prime factors of 2372?
2, 593
What are the prime factors of 3658?
2, 31, 59
List the prime factors of 25753.
7, 13, 283
What are the prime factors of 10708?
2, 2677
List the prime factors of 67747.
37, 1831
List the prime factors of 956.
2, 239
List the prime factors of 9579.
3, 31, 103
What are the prime factors of 928?
2, 29
List the prime factors of 3915.
3, 5, 29
What are the prime factors of 741?
3, 13, 19
List the prime factors of 49178.
2, 67, 367
List the prime factors of 11836.
2, 11, 269
List the prime factors of 45955.
5, 7, 13, 101
What are the prime factors of 2356?
2, 19, 31
What are the prime factors of 93179?
93179
List the prime factors of 1757.
7, 251
What are the prime factors of 1421?
7, 29
What are the prime factors of 78767?
13, 73, 83
List the prime factors of 619.
619
List the prime factors of 5312.
2, 83
What are the prime factors of 60847?
71, 857
What are the prime factors of 1103?
1103
What are the prime factors of 106971?
3, 181, 197
List the prime factors of 882.
2, 3, 7
What are the prime factors of 110?
2, 5, 11
What are the prime factors of 12153?
3, 4051
What are the prime factors of 60132?
2, 3, 5011
What are the prime factors of 49?
7
List the prime factors of 10518.
2, 3, 1753
What are the prime factors of 9492?
2, 3, 7, 113
What are the prime factors of 5769?
3, 641
What are the prime factors of 22020?
2, 3, 5, 367
List the prime factors of 3211.
13, 19
List the prime factors of 2341.
2341
What are the prime factors of 3121?
3121
What are the prime factors of 9?
3
List the prime factors of 13470.
2, 3, 5, 449
List the prime factors of 2318.
2, 19, 61
What are the prime factors of 40886?
2, 20443
What are the prime factors of 24921?
3, 13, 71
What are the prime factors of 38695?
5, 71, 109
What are the prime factors of 12615?
3, 5, 29
What are the prime factors of 28750?
2, 5, 23
What are the prime factors of 4706?
2, 13, 181
What are the prime factors of 40305?
3, 5, 2687
List the prime factors of 2849.
7, 11, 37
What are the prime factors of 3035?
5, 607
List the prime factors of 1573.
11, 13
What are the prime factors of 1420?
2, 5, 71
What are the prime factors of 261?
3, 29
List the prime factors of 270.
2, 3, 5
What are the prime factors of 1032?
2, 3, 43
What are the prime factors of 1793?
11, 163
List the prime factors of 93962.
2, 11, 4271
What are the prime factors of 679?
7, 97
What are the prime factors of 9120?
2, 3, 5, 19
What are the prime factors of 3749?
23, 163
List the prime factors of 15.
3, 5
List the prime factors of 80489.
80489
List the prime factors of 7637.
7, 1091
What are the prime factors of 56735?
5, 7, 1621
List the prime factors of 8884.
2, 2221
What are the prime factors of 2882?
2, 11, 131
What are the prime factors of 892?
2, 223
List the prime factors of 69089.
59, 1171
What are the prime factors of 6989?
29, 241
List the prime factors of 8385.
3, 5, 13, 43
What are the prime factors of 2219?
7, 317
What are the prime factors of 876?
2, 3, 73
List the prime factors of 38236.
2, 11, 79
List the prime factors of 45920.
2, 5, 7, 41
List the prime factors of 46066.
2, 31, 743
What are the prime factors of 1887?
3, 17, 37
What are the prime factors of 382?
2, 191
List the prime factors of 62460.
2, 3, 5, 347
What are the prime factors of 1445?
5, 17
List the prime factors of 3355.
5, 11, 61
What are the prime factors of 3253?
3253
List the prime factors of 85080.
2, 3, 5, 709
What are the prime factors of 31181?
31181
List the prime factors of 1843.
19, 97
What are the prime factors of 84497?
7, 12071
What are the prime factors of 103192?
2, 12899
What are the prime factors of 133518?
2, 3, 7, 11, 17
What are the prime factors of 1415?
5, 283
List the prime factors of 2224.
2, 139
What are the prime factors of 186765?
3, 5, 12451
List the prime factors of 21080.
2, 5, 17, 31
What are the prime factors of 5395?
5, 13, 83
What are the prime factors of 5952?
2, 3, 31
What are the prime factors of 1510?
2, 5, 151
List the prime factors of 4782.
2, 3, 797
What are the prime factors of 148553?
149, 997
What are the prime factors of 709?
709
List the prime factors of 968.
2, 11
What are the prime factors of 5415?
3, 5, 19
List the prime factors of 17524.
2, 13, 337
List the prime factors of 16486.
2, 8243
List the prime factors of 2297.
2297
What are the prime factors of 5029?
47, 107
What are the prime factors of 23147?
79, 293
List the prime factors of 501.
3, 167
List the prime factors of 4339.
4339
What are the prime factors of 148150?
2, 5, 2963
List the prime factors of 2059.
29, 71
What are the prime factors of 1659?
3, 7, 79
List the prime factors of 52385.
5, 10477
List the prime factors of 124264.
2, 7, 317
List the prime factors of 60548.
2, 15137
List the prime factors of 18787.
18787
What are the prime factors of 16865?
5, 3373
List the prime factors of 1827.
3, 7, 29
What are the prime factors of 105263?
105263
List the prime factors of 517.
11, 47
List the prime factors of 517.
11, 47
What are the prime factors of 1578?
2, 3, 263
List the prime factors of 12853.
12853
List the prime factors of 1101.
3, 367
What are the prime factors of 1742?
2, 13, 67
What are the prime factors of 1580?
2, 5, 79
What are the prime factors of 86527?
7, 47, 263
List the prime factors of 9585.
3, 5, 71
List the prime factors of 7367.
53, 139
What are the prime factors of 758?
2, 379
List the prime factors of 10430.
2, 5, 7, 149
What are the prime factors of 9319?
9319
List the prime factors of 1181.
1181
List the prime factors of 1688.
2, 211
What are the prime factors of 4648?
2, 7, 83
List the prime factors of 87449.
157, 557
List the prime factors of 13694.
2, 41, 167
List the prime factors of 7785.
3, 5, 173
List the prime factors of 91169.
13, 7013
List the prime factors of 1227.
3, 409
List the prime factors of 13079.
11, 29, 41
List the prime factors of 2939.
2939
What are the prime factors of 3357?
3, 373
What are the prime factors of 4554?
2, 3, 11, 23
What are the prime factors of 1575?
3, 5, 7
What are the prime factors of 2216?
2, 277
What are the prime factors of 15873?
3, 11, 13, 37
What are the prime factors of 2194?
2, 1097
What are the prime factors of 11923?
11923
What are the prime factors of 2018?
2, 1009
List the prime factors of 50735.
5, 73, 139
List the prime factors of 19710.
2, 3, 5, 73
What are the prime factors of 5647?
5647
What are the prime factors of 2715?
3, 5, 181
What are the prime factors of 2648?
2, 331
List the prime factors of 6840.
2, 3, 5, 19
What are the prime factors of 24943?
24943
What are the prime factors of 1629?
3, 181
List the prime factors of 122.
2, 61
List the prime factors of 75110.
2, 5, 7, 29, 37
List the prime factors of 96617.
79, 1223
What are the prime factors of 21791?
7, 11, 283
List the prime factors of 2081.
2081
List the prime factors of 39619.
39619
What are the prime factors of 22949?
53, 433
List the prime factors of 12201.
3, 7, 83
List the prime factors of 10946.
2, 13, 421
List the prime factors of 4254.
2, 3, 709
What are the prime factors of 21905?
5, 13, 337
What are the prime factors of 7754?
2, 3877
What are the prime factors of 3036?
2, 3, 11, 23
What are the prime factors of 920?
2, 5, 23
List the prime factors of 6293.
7, 29, 31
What are the prime factors of 13068?
2, 3, 11
What are the prime factors of 1946?
2, 7, 139
What are the prime factors of 1859?
11, 13
List the prime factors of 13821.
3, 17, 271
What are the prime factors of 47148?
2, 3, 3929
List the prime factors of 14984.
2, 1873
What are the prime factors of 25355?
5, 11, 461
L